 = 0 + u. What are the prime factors of o?
2
Let u(b) = -b**2 + 4*b + 7 + 3 + 2*b. Let i = 12 - 5. What are the prime factors of u(i)?
3
Let v(g) = -g**3 + 8*g**2 - 4*g - 10. List the prime factors of v(7).
11
Let i(d) = 0*d - d - 2 - 3*d - 3*d - d**2. What are the prime factors of i(-5)?
2
Let j be ((-1)/1 - 7) + 2. Let t = -5 - j. Let i = t - -5. What are the prime factors of i?
2, 3
Let u = 52 - 27. List the prime factors of u.
5
Suppose 6*h - 140 = h. List the prime factors of h.
2, 7
Let i(d) = -d**3 + 9*d**2 + 11*d - 2. Let l be i(10). List the prime factors of -15*(0 + l/(-12)).
2, 5
Suppose 3*z - 22 + 7 = 0. Suppose z*r = r. Let v(t) = t + 11. List the prime factors of v(r).
11
Suppose -3*r = 46 - 175. What are the prime factors of r?
43
Let r(b) = -2*b - 2. Let o be r(-3). Suppose -2*g + 32 = 2*y, -o*y - 5*g = -y - 48. What are the prime factors of y?
2
Let q(w) be the first derivative of 3*w**4/4 + w**2/2 - w - 3. Let l be q(1). What are the prime factors of (22/(-3))/((-2)/l)?
11
Suppose 2*y - 7 = 13. What are the prime factors of y?
2, 5
What are the prime factors of (3225/2)/15*2/1?
5, 43
Let n be (-1)/(-2 - -1)*4. Suppose g - 1 = n. What are the prime factors of g?
5
Let r(g) = g**3 - 4*g**2 - 4*g + 3. List the prime factors of r(5).
2
Suppose y + 3*g + 18 = -g, 26 = -5*y - 4*g. Let v(m) = -2. Let h(f) = -f - 3. Let u(n) = 3*h(n) - 5*v(n). List the prime factors of u(y).
7
Let a(z) = 2*z**2 + 5*z + 9. What are the prime factors of a(-6)?
3, 17
Let j(m) = -2*m - 2 + 5*m - 3. Suppose b + 4*y = -0*b + 4, -3*y + 4 = b. List the prime factors of j(b).
7
Suppose s + 9 = 4*s. Suppose 5*d + s*j = 51, -2*d - j = -d - 9. List the prime factors of d.
2, 3
Suppose -r - 2*r = 0. Let t(w) = -w + 7. List the prime factors of t(r).
7
Let j(u) = 0*u + 2*u - 6 - 4. List the prime factors of j(10).
2, 5
Let r = 2 - 7. Let b(q) = -7*q - 16. List the prime factors of b(r).
19
Suppose -o + f + 1 + 4 = 0, -4*f = -3*o + 17. Let y(m) = 4*m**2 + 3*m. What are the prime factors of y(o)?
3, 5
Suppose 4*i - 10 = -i. List the prime factors of i/4 - 26/(-4).
7
Let q = 14 + -16. What are the prime factors of q/3*7*-9?
2, 3, 7
Let p(d) = 9*d + 2. Let a be p(2). Suppose a = 4*l + l. Suppose -l*o = o - 50. What are the prime factors of o?
2, 5
Suppose 0 = 2*h + 10 - 32. What are the prime factors of h?
11
Suppose q + 16 = 2*j, -3*q = 4*j - 0*q - 12. What are the prime factors of j/18*(5 + 1)?
2
Suppose -3*a + l = -8, l = 3*a + 2*a - 16. Suppose a*m = 7*m - 162. List the prime factors of m.
2, 3
List the prime factors of 12 - -1 - (-1)/(-1).
2, 3
Let s = -10 - -24. Let x(i) = i**2 - 13*i - 1. What are the prime factors of x(s)?
13
What are the prime factors of 21 + 0 + -3 + 4?
2, 11
Let j(c) = -11*c + 5. Let k(w) be the second derivative of 5*w**3/6 - w**2 - 2*w. Let x(u) = -3*j(u) - 7*k(u). What are the prime factors of x(-5)?
3
Let g(f) = f - 4. Let v be g(3). Suppose 0 = m - 4 - 3. Let j = m + v. List the prime factors of j.
2, 3
List the prime factors of 1*((4 - -3) + 0).
7
What are the prime factors of ((-40)/24)/(2/(-12))?
2, 5
Let h = 216 - 102. Suppose 4*a + h = 18. Let n = 43 + a. List the prime factors of n.
19
Let q(w) be the second derivative of w**4/12 + w**3/6 + 7*w**2/2 + w. What are the prime factors of q(-7)?
7
Let b = -77 + 129. Let f = b - 17. Suppose -n + f = 4*n. List the prime factors of n.
7
Let u = 8 + -11. Suppose j - 4 = -2*i, 4*i + 23 = 7. Let r = j + u. What are the prime factors of r?
3
What are the prime factors of 4/(-10)*-35*2?
2, 7
Let d be (-7)/(-14)*(2 + 0). Let b(w) = 4*w. What are the prime factors of b(d)?
2
Let y(z) = z**3 + 16*z**2 - 17*z + 13. What are the prime factors of y(-17)?
13
Suppose 0*o + 5*o = 155. List the prime factors of o.
31
Let b(d) = -d**2 - 4*d + 3. Let v be b(-4). Suppose 0 = 4*m - v*s - 2*s - 61, 4*m + s - 31 = 0. List the prime factors of m.
3
Let d(i) = -i**3 + 6*i**2 - 4*i + 2. Suppose 0*f - 10 = -2*f. Let w be d(f). Suppose 0 + w = -j + 4*c, 0 = 2*j + 2*c - 26. List the prime factors of j.
3
Let h = 44 + -21. What are the prime factors of 1 + h + (-15)/5?
3, 7
Suppose l + l - 88 = 2*f, -3*f = -2*l + 85. What are the prime factors of l?
47
List the prime factors of (-2065)/(-28) - (-4)/16.
2, 37
Suppose 2*a + 2*i = 144, 5*a - 309 = a + 3*i. What are the prime factors of a?
3, 5
Let w be 17/3 - (-3)/9. What are the prime factors of 20 + (-1)/(2/w)?
17
Let q(n) = -2*n - 4. Let m be q(3). Suppose -3*o = -a + 2*o + 12, -2*a - 4*o + 38 = 0. Let h = a + m. List the prime factors of h.
7
Suppose -2*m - 42 = m. Let v = -42 - m. Let l = 51 + v. What are the prime factors of l?
23
Suppose 2*m + 30 = 5*k, m = -3*m - 5*k - 30. Let f be (-46)/m - 14/(-35). Suppose -f*i + 3*r = -33, -i + 5*r + 10 + 1 = 0. List the prime factors of i.
2, 3
Let b(f) = 7*f - 15. What are the prime factors of b(7)?
2, 17
Suppose 2*s + 6 + 0 = 0. List the prime factors of (20 - 6/s) + -2.
2, 5
Let v(y) = 2*y**2 - 3*y. What are the prime factors of v(-6)?
2, 3, 5
Let x(i) = i**2 + 2*i + 3. Let m be x(-3). Let u be (0 - -11) + 3/3. Let c = u - m. List the prime factors of c.
2, 3
Let s = -11 - -49. List the prime factors of s.
2, 19
Suppose 0 = 4*x - 7 - 1. Let m(r) = 6*r**3 - r**2 + 2*r - 1. Let s be m(x). Suppose -8 - s = -5*a. List the prime factors of a.
11
Let g be (-2)/(-6) - (-38)/3. Let a = -7 + g. Let i(z) = z + 2. What are the prime factors of i(a)?
2
Let o(r) = -r**3. Let p be o(2). Let k = p - 12. List the prime factors of (-18)/(-5)*k/(-6).
2, 3
Let z be (2/6)/(4/48). Suppose -z*k - 2 = -6. What are the prime factors of k + 4*1/2?
3
Let w be (-6)/(-8) + 175/(-20). Let c(d) = d**3 + 8*d**2 + 6. Let h be c(w). What are the prime factors of (1/2)/(h/120)?
2, 5
Let p = -32 + 48. Let h = 41 - p. Suppose 2*c + 25 = 7*c - 3*m, h = 5*m. List the prime factors of c.
2
List the prime factors of 4 + 76/(-18) + (-2380)/(-18).
2, 3, 11
Let z = 27 - -15. List the prime factors of z.
2, 3, 7
Suppose -2*s = 2*y - 10, -s = -2*s - 3*y + 7. Suppose s = 2*t - 22. What are the prime factors of t?
13
Suppose -3*q + 2*q + 331 = 3*n, 0 = 2*q + 4. What are the prime factors of n?
3, 37
Let u(o) = -17*o + 18. List the prime factors of u(-8).
2, 7, 11
Let q(r) = -r**3 + 7*r**2 + 6*r - 6. What are the prime factors of q(7)?
2, 3
Suppose 2*t - 92 = -4*h, 3*h = -3*t - 1 + 130. List the prime factors of t.
2, 5
Suppose -2*a = 2*g - 108, 5*a - 8*a + 174 = -3*g. What are the prime factors of a?
2, 7
Suppose 3*c - 63 = -9. Let o be c/15*(-5)/(-2). Suppose -2*z + 13 = -o. List the prime factors of z.
2
Let j be 0*(0 - (-2)/4). What are the prime factors of (-1 + j)/((-3)/69)?
23
Let b(w) = w**3 - 5*w**2 + 4*w - 2. List the prime factors of b(5).
2, 3
Suppose 0 = 3*u - 4*n + 60, -3*u - n - 40 = -u. List the prime factors of 238/8 + (-5)/u.
2, 3, 5
Suppose v = 4*v - 6. List the prime factors of v.
2
Let l(y) = -y**2 + 7*y - 1. Let g be l(5). Suppose 0 = -0*m - m + g. List the prime factors of m.
3
Suppose 2*g - 4*q - 146 - 106 = 0, 640 = 5*g - 5*q. List the prime factors of g.
2, 5, 13
Let c = -15 - -10. Let k(m) = 2*m**2 + 6*m - 7. List the prime factors of k(c).
13
List the prime factors of (-629)/(-4) - (-2)/(-8) - -3.
2, 5
Let g = -1 - -1. Suppose g = 3*r + 5*l - 56, l - 4 = -0*l. List the prime factors of r.
2, 3
Suppose -6 = -2*k, -k + 19 = -4*n - 0*k. Let q = n - -32. List the prime factors of q.
2, 7
Let g = 7 - -3. List the prime factors of (0 + -2)/(g/(-85)).
17
Suppose -2*g - 3*g - 4*c + 199 = 0, -c + 118 = 3*g. Let j = -12 + g. Suppose 3*d - j = 6. List the prime factors of d.
11
Let p(m) = -m**2 - 5*m + 6. Let z be p(-6). Suppose -5*t + 39 + 56 = z. List the prime factors of t.
19
Let b(w) = w**3 + 5*w**2 + 2*w - 5. Let o be b(-4). Suppose 0 = -d - o*d + 12. Suppose d*m - 2*f - 3*f = 31, -49 = -4*m - f. List the prime factors of m.
2, 3
Let u = 38 - 20. Suppose -3*b - 2*r + u = 0, b + 2 - 8 = 4*r. What are the prime factors of b?
2, 3
Let r = 21 - 0. Let n be (4/3)/((-2)/(-6)). Suppose w = n*w - r. List the prime factors of w.
7
Suppose 0 = -o + 22 + 4. List the prime factors of o.
2, 13
Suppose -4*u = 3*x - 21, 0*u + 4*x - 3 = 3*u. List the prime factors of u.
3
List the prime factors of (-3)/((-3)/55) + (-1 - -1).
5, 11
Let v(h) be the second 